17216 = 0. What are the prime factors of r?
2, 269
Let i(k) = k**2 + 6*k - 78. What are the prime factors of i(-30)?
2, 3, 107
Let b(g) = g - 3. Let o be b(3). Suppose 2*y + 0*y + 5*c = 5, -2*y - 4*c + 4 = o. Suppose y = -5*l - u + 54 + 81, -l = u - 27. List the prime factors of l.
3
Let m(o) = 10*o - 29 + 85 - 30 - 32. What are the prime factors of m(8)?
2, 37
What are the prime factors of ((-5)/10)/((-10)/18580)?
929
What are the prime factors of (17514/(-315))/((-2)/20)?
2, 139
Let i = 247 - -1712. What are the prime factors of i?
3, 653
Let y be (-1 + -4)/(3 - 4). Suppose 444 + 176 = y*b - 4*n, b - n = 125. List the prime factors of (b/(-25))/((-6)/20).
2
Let i be 290 + (2 - 4) + 3. What are the prime factors of i/9 - 16/12?
31
Suppose 0 = -201*w + 204*w - 7200. What are the prime factors of w?
2, 3, 5
Suppose -2*d - l = 4*l - 221, d - 5*l - 103 = 0. Let s be ((-8)/6)/(8/d). What are the prime factors of (-3 + 2)/(1/s)?
2, 3
Let q = -118 - -66. What are the prime factors of 2/(((-1)/q)/1)?
2, 13
Let p = 570 - 61. List the prime factors of p.
509
List the prime factors of (-12)/(-30) - 24311/(-35).
5, 139
Suppose 864 = 3*y - 2*h, 4*y - 7*h + 11*h - 1152 = 0. What are the prime factors of y?
2, 3
Let u(n) = n**3 + 11*n**2 - 13*n - 3. Let p be u(-12). Let x be 12/(-24) - p/(-2). Suppose -x*g + 9 = c - 5*g, -4*g - 16 = 0. What are the prime factors of c?
5
Suppose -172 = -2*o - l, -344 = -4*o - 0*l + 3*l. Let h(a) = 5*a + 9. Let k be h(10). Let w = o - k. What are the prime factors of w?
3
Suppose 0 = s - 2*r - 7, -5*s + 28 = 4*r - 7*r. Let i(v) = -6*v + 4. Let j be i(-6). Suppose s*m - 3*t - j = m, 2*m + 3*t = 20. What are the prime factors of m?
2, 5
Let j(c) = 4*c - 1. Let p be j(1). Suppose p*n - 59 - 4 = 0. Suppose -3*w + 9 + n = 0. What are the prime factors of w?
2, 5
Let q be (2/(-5))/((-1)/5). Suppose -2*c = -2*x + 2*c + 206, 4*x + 2*c - 422 = 0. Suppose -3*n - q*n + x = 0. What are the prime factors of n?
3, 7
Suppose -7*n + 165 = 18. Suppose -5*o = -u - n, 5*u = -5*o + u + 16. Suppose g - 6*h = -2*h + 5, 2*g = -o*h + 46. What are the prime factors of g?
17
Suppose -11*f + 4 = -15*f. Let q(s) be the second derivative of s**4/2 - s**3/6 - s**2/2 - 2*s. List the prime factors of q(f).
2, 3
Let s(w) = 89*w - 1. Let q(k) = 3*k**2 + 6*k + 1. Let m be q(-2). List the prime factors of s(m).
2, 11
Let d(x) = -2*x - 28. Let z be d(-10). Let g(j) = j**3 + 8*j**2 - 2*j + 7. List the prime factors of g(z).
23
List the prime factors of 2191 + (-1 - -6 - -8).
2, 19, 29
Let t(v) = -v**3 - 8*v**2 - 8*v. Let c(a) = 2*a**2 - 10*a + 1. Let u(w) = w + 10. Let o be u(-6). Let g be c(o). What are the prime factors of t(g)?
7
Let u = 41 - 36. Let v(g) = 4*g**2 - 3*g. What are the prime factors of v(u)?
5, 17
Let t(h) = 8*h**2 + h. Let u be t(-1). Let o(c) = 2*c**2 - 4*c + 5. Let v be o(u). Let s = -54 + v. List the prime factors of s.
3, 7
Suppose 35 = 3*n + 2*n. List the prime factors of -3*n/105 - 1326/(-5).
5, 53
What are the prime factors of 133*3 - (-37 - -42)?
2, 197
Let r(q) be the second derivative of -q**3/6 - 3*q**2/2 + 3*q. Let c be r(8). Let d = c - -26. What are the prime factors of d?
3, 5
Let l(h) = 9*h + 2. Let b be l(-4). Suppose -9*t + 98 = -2*t. Let m = t - b. List the prime factors of m.
2, 3
Let x(a) be the first derivative of a**4/12 - 5*a**3/6 + a**2 + 2*a - 2. Let m(y) be the first derivative of x(y). What are the prime factors of m(6)?
2
Let w = 544 + 29. List the prime factors of w.
3, 191
Let f = -98 - -95. What are the prime factors of 12*(f - 125/(-10))?
2, 3, 19
Suppose -3*i - d + 642 = 68, -184 = -i - 4*d. Suppose 9*j = 12*j - i. List the prime factors of j.
2
Let n(g) = g - 4*g + 1 - 4*g + 6*g. Let w be n(-7). Let j = w - 0. What are the prime factors of j?
2
Suppose 280 = 17*h - 944. Suppose -1 + 36 = 4*j - u, 35 = 5*j - 3*u. Suppose -j*w = -6*w - h. What are the prime factors of w?
2, 3
Let h(i) = -i**2 - 45*i - 103. List the prime factors of h(-37).
193
Let t(b) = 12*b - 8 + 9 - 83*b. What are the prime factors of t(-1)?
2, 3
Let u(y) = 6*y - 40. Let v(q) = -q + 8. Let a(k) = -2*u(k) - 11*v(k). Let g be a(-12). Let d(i) = i**3 - 5*i**2 + 7*i - 5. List the prime factors of d(g).
7
Suppose 3*h - 1652 = 9*m - 13*m, -828 = -2*m - 2*h. List the prime factors of m.
2, 5, 41
Let q(b) = -b**3 - 8*b**2 - 5*b. Let y be q(-6). Let m = 136 + y. List the prime factors of m.
2, 47
Let y(w) = w + 11. Let h = 34 + -12. Let v = -30 + h. List the prime factors of y(v).
3
Let w be (-2)/(-8) - (-52)/(-16). What are the prime factors of ((-27)/6 - w)*-46?
3, 23
Let p = 140 + -137. Suppose -p*a + a = -702. List the prime factors of a.
3, 13
Suppose 0 = -2*b + 4, -3*d + 6*b + 68 = 4*b. Suppose 3*x = -x + d. Suppose 4*s + u - 156 = -3*u, 3*u = -x. What are the prime factors of s?
41
Suppose 3*f + 1820 = i, 32*i = 30*i + f + 3650. List the prime factors of i.
2, 11, 83
What are the prime factors of (0 - 1)/(68/(-34068))?
3, 167
Let o = -680 - -1076. What are the prime factors of o?
2, 3, 11
Let n = -15 - -4. Let s = 21 + n. Suppose -c + 19 = -s. What are the prime factors of c?
29
Let x be 1*3*40/60. Suppose 2*d = 2*b + 414, -d + b + 623 = x*d. What are the prime factors of d?
2, 13
Let n(b) be the third derivative of b**4/8 + b**3/2 - 12*b**2. List the prime factors of n(4).
3, 5
Let q(w) = -w**2 - 4*w + 9. Let o be (20/(-6))/(5 + 52/(-12)). What are the prime factors of q(o)?
2
Let t = 37 + 17. Let b(z) = -z**2 + 7*z + 9. Let u be b(4). Let h = t - u. What are the prime factors of h?
3, 11
Let p(c) = -4*c - 14. Let a be p(-4). Suppose -2*f - 90 = 5*o, 0 = -3*o + a*f - 84 + 30. Let l = -1 - o. List the prime factors of l.
17
Let a = 34 + -20. Suppose 11*x = a*x - 18. Let h(m) = 4*m + 7. What are the prime factors of h(x)?
31
Suppose -4*n - 11 = -43. Let r(l) be the first derivative of -l**3/3 + 4*l**2 + 7*l - 2. List the prime factors of r(n).
7
Suppose 1206 = v + x + 227, 4*v - 5*x = 3889. Suppose -88*b - v = -92*b. What are the prime factors of b?
2, 61
Let r(k) = -57*k - 187. List the prime factors of r(-24).
1181
Let h = -12 - -53. Let i = h + -33. What are the prime factors of i?
2
Let h = 2666 - 1466. What are the prime factors of h?
2, 3, 5
Suppose 5*x = -77*x + 126116. List the prime factors of x.
2, 769
Let w = -1813 + 2665. What are the prime factors of w?
2, 3, 71
Suppose 0 = 2*v - 6, -k - 26 = v - 4*v. Let d = k + 24. Let p = d + 20. What are the prime factors of p?
3
Suppose 2*m - 244 = 6*m. Let r be (-268)/8 + 6/(-4). Let d = r - m. List the prime factors of d.
2, 13
Suppose 0 = i - 4*x + 10, 4*i - x - 60 = -5*x. Let m(v) = v**2 - 7*v + 1. Let r be m(i). List the prime factors of (-1)/1 + 2 + r.
2
What are the prime factors of 40/(-16) + (-3150)/(-4)?
5, 157
Suppose -5*t = -0*t - 1265. Suppose 0 = r - t - 27. What are the prime factors of 0 + r/(-4 + 9)?
2, 7
Suppose 0 = -3*t - 2*t + 25. Suppose -53 - 57 = -5*v + t*i, 3*v - i = 58. Let p = v + -12. List the prime factors of p.
2, 3
Suppose -4 = 2*k + 2*k, 144 = 4*s - 4*k. Let n be (-24)/(-14) - (-10)/s. What are the prime factors of (-9)/(-6)*n + 22?
5
Suppose 3*q - 4 + 0 = -4*u, -2*u - 8 = 4*q. Suppose -15 = -5*t + 2*t. Suppose -5*p - 100 = -t*b, -u*p = 3*b - 44 - 9. What are the prime factors of b?
19
Let s = 3981 + -2702. What are the prime factors of s?
1279
Let i(z) = -z - 1. Let p(k) = 8*k + 29. Let w(b) = -5*i(b) + p(b). What are the prime factors of w(15)?
229
Suppose w - 19 = -0*w. Let t = -16 + w. Let s = t + 53. List the prime factors of s.
2, 7
Suppose -5*r - w + 16 = 0, -3*r + 2*r - w = -4. Suppose -2*t - 1 = 5*u, -t - 2*t + 9 = -r*u. Suppose -t*z = -9*z + 77. What are the prime factors of z?
11
What are the prime factors of ((-35)/(-20))/(8/83680*5)?
7, 523
List the prime factors of ((-417)/6)/(6/(-12)).
139
Let q(s) = -2*s - 2. Let n be q(6). Let z = 14 + n. Suppose -2*d - 3*u = -5*d + 57, d + 4*u - 29 = z. What are the prime factors of d?
3, 7
Let n be (20/14)/((-3)/(-21)). Let x(k) = k**3 - 4*k**2. Let o be x(4). Suppose o = -4*q - q + n. List the prime factors of q.
2
Suppose 516 = -9*g + 11289. What are the prime factors of g?
3, 7, 19
Suppose h - 4*c + 15 = -c, 3*h = -5*c + 25. Let j = 44 + h. List the prime factors of j.
2, 11
What are the prime factors of